{"id":275,"date":"2013-06-01T12:44:34","date_gmt":"2013-06-01T10:44:34","guid":{"rendered":"http:\/\/helmfoto.net\/?page_id=275"},"modified":"2013-10-28T19:01:33","modified_gmt":"2013-10-28T17:01:33","slug":"politiker","status":"publish","type":"page","link":"https:\/\/helmfoto.net\/?page_id=275","title":{"rendered":"Politiker"},"content":{"rendered":"<p>Politiker sind mit die h\u00e4ufigste Berufsgruppe, die ein Fotograf bei der Presse ablichtet.<\/p>\n<p>Eine kleine Galerie mit ein paar Entscheidungstr\u00e4gern &#8211; es m\u00fcssen nicht immer nur Deutsche sein.<br \/>\n\n\t\t<style type=\"text\/css\">\n\t\t\t#gallery-1 {\n\t\t\t\tmargin: auto;\n\t\t\t}\n\t\t\t#gallery-1 .gallery-item {\n\t\t\t\tfloat: left;\n\t\t\t\tmargin-top: 10px;\n\t\t\t\ttext-align: center;\n\t\t\t\twidth: 33%;\n\t\t\t}\n\t\t\t#gallery-1 img {\n\t\t\t\tborder: 2px solid #cfcfcf;\n\t\t\t}\n\t\t\t#gallery-1 .gallery-caption {\n\t\t\t\tmargin-left: 0;\n\t\t\t}\n\t\t\t\/* see gallery_shortcode() in wp-includes\/media.php *\/\n\t\t<\/style>\n\t\t<div id='gallery-1' class='gallery galleryid-275 gallery-columns-3 gallery-size-thumbnail'><dl class='gallery-item'>\n\t\t\t<dt class='gallery-icon landscape'>\n\t\t\t\t<a href='https:\/\/helmfoto.net\/wp-content\/uploads\/2013\/06\/j.spahn_sht02-Kopie.jpg'><img width=\"150\" height=\"150\" src=\"https:\/\/helmfoto.net\/wp-content\/uploads\/2013\/06\/j.spahn_sht02-Kopie-150x150.jpg\" class=\"attachment-thumbnail size-thumbnail\" alt=\"\" loading=\"lazy\" aria-describedby=\"gallery-1-404\" \/><\/a>\n\t\t\t<\/dt>\n\t\t\t\t<dd class='wp-caption-text gallery-caption' id='gallery-1-404'>\n\t\t\t\tJens Spahn (MdB), gesundheitspolitischer Sprecher der CDU\/CSU Bundestagsfraktion \n\t\t\t\t<\/dd><\/dl><dl class='gallery-item'>\n\t\t\t<dt class='gallery-icon landscape'>\n\t\t\t\t<a href='https:\/\/helmfoto.net\/wp-content\/uploads\/2013\/06\/gsjhhgeneration6.jpg'><img width=\"150\" height=\"150\" src=\"https:\/\/helmfoto.net\/wp-content\/uploads\/2013\/06\/gsjhhgeneration6-150x150.jpg\" class=\"attachment-thumbnail size-thumbnail\" alt=\"\" loading=\"lazy\" \/><\/a>\n\t\t\t<\/dt><\/dl><dl class='gallery-item'>\n\t\t\t<dt class='gallery-icon landscape'>\n\t\t\t\t<a href='https:\/\/helmfoto.net\/wp-content\/uploads\/2013\/06\/gsjhhrasmussen01-Kopie.jpg'><img width=\"150\" height=\"150\" src=\"https:\/\/helmfoto.net\/wp-content\/uploads\/2013\/06\/gsjhhrasmussen01-Kopie-150x150.jpg\" class=\"attachment-thumbnail size-thumbnail\" alt=\"\" loading=\"lazy\" aria-describedby=\"gallery-1-312\" \/><\/a>\n\t\t\t<\/dt>\n\t\t\t\t<dd class='wp-caption-text gallery-caption' id='gallery-1-312'>\n\t\t\t\tLars L. Rassmussen, Regierungschef vom K\u00f6nigreich D\u00e4nemark\n\t\t\t\t<\/dd><\/dl><br style=\"clear: both\" \/><dl class='gallery-item'>\n\t\t\t<dt class='gallery-icon landscape'>\n\t\t\t\t<a href='https:\/\/helmfoto.net\/wp-content\/uploads\/2013\/06\/jhh_bockbier04-Kopie.jpg'><img width=\"150\" height=\"150\" src=\"https:\/\/helmfoto.net\/wp-content\/uploads\/2013\/06\/jhh_bockbier04-Kopie-150x150.jpg\" class=\"attachment-thumbnail size-thumbnail\" alt=\"\" loading=\"lazy\" aria-describedby=\"gallery-1-314\" \/><\/a>\n\t\t\t<\/dt>\n\t\t\t\t<dd class='wp-caption-text gallery-caption' id='gallery-1-314'>\n\t\t\t\tHans-J\u00f6rn Arp (CDU)\n\t\t\t\t<\/dd><\/dl><dl class='gallery-item'>\n\t\t\t<dt class='gallery-icon landscape'>\n\t\t\t\t<a href='https:\/\/helmfoto.net\/wp-content\/uploads\/2013\/06\/jhh_bockbier05-Kopie.jpg'><img width=\"150\" height=\"150\" src=\"https:\/\/helmfoto.net\/wp-content\/uploads\/2013\/06\/jhh_bockbier05-Kopie-150x150.jpg\" class=\"attachment-thumbnail size-thumbnail\" alt=\"\" loading=\"lazy\" aria-describedby=\"gallery-1-315\" \/><\/a>\n\t\t\t<\/dt>\n\t\t\t\t<dd class='wp-caption-text gallery-caption' id='gallery-1-315'>\n\t\t\t\tHorst Seehofer (CSU)\n\t\t\t\t<\/dd><\/dl>\n\t\t\t<br style='clear: both' \/>\n\t\t<\/div>\n<\/p>\n","protected":false},"excerpt":{"rendered":"<p>Politiker sind mit die h\u00e4ufigste Berufsgruppe, die ein Fotograf bei der Presse ablichtet. Eine kleine Galerie mit ein paar Entscheidungstr\u00e4gern &#8211; es m\u00fcssen nicht immer nur Deutsche sein.<\/p>\n","protected":false},"author":1,"featured_media":0,"parent":0,"menu_order":0,"comment_status":"open","ping_status":"open","template":"","meta":[],"_links":{"self":[{"href":"https:\/\/helmfoto.net\/index.php?rest_route=\/wp\/v2\/pages\/275"}],"collection":[{"href":"https:\/\/helmfoto.net\/index.php?rest_route=\/wp\/v2\/pages"}],"about":[{"href":"https:\/\/helmfoto.net\/index.php?rest_route=\/wp\/v2\/types\/page"}],"author":[{"embeddable":true,"href":"https:\/\/helmfoto.net\/index.php?rest_route=\/wp\/v2\/users\/1"}],"replies":[{"embeddable":true,"href":"https:\/\/helmfoto.net\/index.php?rest_route=%2Fwp%2Fv2%2Fcomments&post=275"}],"version-history":[{"count":7,"href":"https:\/\/helmfoto.net\/index.php?rest_route=\/wp\/v2\/pages\/275\/revisions"}],"predecessor-version":[{"id":408,"href":"https:\/\/helmfoto.net\/index.php?rest_route=\/wp\/v2\/pages\/275\/revisions\/408"}],"wp:attachment":[{"href":"https:\/\/helmfoto.net\/index.php?rest_route=%2Fwp%2Fv2%2Fmedia&parent=275"}],"curies":[{"name":"wp","href":"https:\/\/api.w.org\/{rel}","templated":true}]}}